 base 12, what is 5 - -66?
6b
In base 2, what is -100 - 11?
-111
In base 8, what is 60 - 56?
2
In base 12, what is -58 + 5?
-53
In base 5, what is 3 - 1001?
-443
In base 13, what is 3 + 385b?
3861
In base 6, what is 2013 + 5?
2022
In base 16, what is -a79 + 4?
-a75
In base 4, what is -1301 - -1?
-1300
In base 3, what is -1112002 + -12?
-1112021
In base 12, what is 1713 - -4?
1717
In base 9, what is 460 + 10?
470
In base 6, what is 303 - 21?
242
In base 4, what is 11 - 330?
-313
In base 2, what is -11100 - -11011000?
10111100
In base 10, what is -31 - -7?
-24
In base 13, what is 2 + -75?
-73
In base 15, what is 107 + -5?
102
In base 10, what is 35 - 6?
29
In base 7, what is 310 + 5?
315
In base 13, what is 34 + -385?
-351
In base 10, what is 5 + -391?
-386
In base 16, what is 1 + 47?
48
In base 6, what is -3 - 421?
-424
In base 16, what is -3 + 7?
4
In base 9, what is 123 + -11?
112
In base 13, what is 14 + -145?
-131
In base 12, what is 1529 - -3?
1530
In base 14, what is 2d2a - 3?
2d27
In base 3, what is -1 + -10010?
-10011
In base 2, what is 1000010010 - 100?
1000001110
In base 7, what is -4 - 630?
-634
In base 3, what is 2 - -101?
110
In base 14, what is -12 - 5?
-17
In base 9, what is -72 - -308?
226
In base 15, what is -71 + -3e?
-b0
In base 3, what is -1 + -20?
-21
In base 15, what is 99 - 14?
85
In base 12, what is 1 - -509?
50a
In base 8, what is -5 + -5014?
-5021
In base 7, what is -6 + 1201?
1162
In base 10, what is 11063 - 1?
11062
In base 16, what is -2f + 2ff?
2d0
In base 15, what is 10 - -32?
42
In base 9, what is 3 - -135?
138
In base 13, what is -491 + -4?
-495
In base 15, what is -132 - 5?
-137
In base 13, what is 1 - 19c?
-19b
In base 11, what is -9a + -5?
-a4
In base 7, what is 10 + -33?
-23
In base 14, what is -3a - -5?
-35
In base 7, what is -16 - -2326?
2310
In base 13, what is -1 - 187?
-188
In base 4, what is -1 + 1321?
1320
In base 4, what is -21 + 111?
30
In base 10, what is -7400 + 1?
-7399
In base 13, what is 0 + 9?
9
In base 5, what is 4 + -30022?
-30013
In base 4, what is 13 + -23?
-10
In base 4, what is -2010 - 0?
-2010
In base 10, what is 43 + 421?
464
In base 16, what is 21 + -5?
1c
In base 6, what is 2053 - 5?
2044
In base 14, what is 9 + -869?
-860
In base 6, what is 20300 + -2?
20254
In base 14, what is 98 + -4?
94
In base 13, what is 5 - -52?
57
In base 14, what is -48 - -293?
249
In base 15, what is -46 + -1?
-47
In base 5, what is 143 + 1001?
1144
In base 14, what is 41c - -2?
420
In base 16, what is -5 - 4b?
-50
In base 9, what is -36 + -4?
-41
In base 16, what is -751 - -1?
-750
In base 6, what is 3451 - -2?
3453
In base 2, what is 110 + -110?
0
In base 6, what is -405 - -2?
-403
In base 16, what is -4 - -9c?
98
In base 6, what is -142 + -4?
-150
In base 15, what is 2 + 5b?
5d
In base 10, what is -3839 - 5?
-3844
In base 4, what is -3 + -21211?
-21220
In base 6, what is 25 + -11?
14
In base 10, what is -4 - 321?
-325
In base 4, what is -1201 + -131?
-1332
In base 8, what is -20005 + 5?
-20000
In base 5, what is -10 - -230?
220
In base 7, what is 5 + -5531?
-5523
In base 16, what is -18 + 37?
1f
In base 10, what is 161 - -5?
166
In base 9, what is 5 - -1156?
1162
In base 7, what is 10 + 63?
103
In base 10, what is 0 + 332?
332
In base 7, what is 44 - 25?
16
In base 11, what is 5 + -23?
-19
In base 4, what is 120122 - 2?
120120
In base 2, what is 111 + 110010?
111001
In base 16, what is 279 - -1b?
294
In base 6, what is -53 - 1151?
-1244
In base 13, what is -79 + -3?
-7c
In base 13, what is 161 - 15?
149
In base 16, what is 2fc + 6?
302
In base 10, what is -5 + -146?
-151
In base 4, what is -103 - 23?
-132
In base 8, what is -3 - -2573?
2570
In base 12, what is 3 + -9?
-6
In base 5, what is -132210 - -10?
-132200
In base 3, what is -1 - 20101?
-20102
In base 7, what is 35 + -4?
31
In base 11, what is 5 - -13?
18
In base 16, what is 43 - -9?
4c
In base 16, what is -6 + -79?
-7f
In base 10, what is -2 - 144?
-146
In base 3, what is 111000 + -11?
110212
In base 15, what is d + 43e?
44c
In base 2, what is 101 - -110101011?
110110000
In base 13, what is -1 - 1a0?
-1a1
In base 5, what is -1310 - 4?
-1314
In base 16, what is 3 + -74?
-71
In base 15, what is 5d1 - -2?
5d3
In base 7, what is -255 - 44?
-332
In base 16, what is 4 + 20?
24
In base 15, what is -8 - -9?
1
In base 13, what is -9 + 16?
a
In base 10, what is 4 - -14?
18
In base 11, what is 4 + 88?
91
In base 10, what is -742 + -5?
-747
In base 5, what is 1143 - 41?
1102
In base 14, what is -5 - -60?
59
In base 2, what is -101 - -11101011?
11100110
In base 5, what is -2 + -31?
-33
In base 6, what is -3233 + 10?
-3223
In base 8, what is 4 + 164?
170
In base 15, what is 4 - 56d?
-569
In base 10, what is -820 + -5?
-825
In base 14, what is 20 - 3?
1b
In base 10, what is 5 - -192?
197
In base 10, what is -225 - -10?
-215
In base 15, what is 5c9 - -3?
5cc
In base 5, what is 2123 + 4?
2132
In base 16, what is 2 + -37?
-35
In base 15, what is -c42 - -3?
-c3e
In base 6, what is -3 + -245?
-252
In base 10, what is -7414 - -5?
-7409
In base 14, what is -11 + 0?
-11
In base 8, what is -2 + -44?
-46
In base 15, what is 33b - -16?
352
In base 7, what is 23 - 152?
-126
In base 8, what is 5 + -10453?
-10446
In base 12, what is -2 + -1658?
-165a
In base 11, what is -2 - 106?
-108
In base 14, what is -2 - 205?
-207
In base 11, what is 376 + -18?
359
In base 9, what is -42 - 10?
-52
In base 7, what is -153 + 1?
-152
In base 4, what is 12 - 102133?
-102121
In base 3, what is 2210220 - -2?
2210222
In base 5, what is 11423 - 0?
11423
In base 12, what is -3 - 1b8?
-1bb
In base 10, what is -512 - -5?
-507
In base 11, what is -8 + 17?
a
In base 15, what is 9 - -11?
1a
In base 14, what is 1 + -95?
-94
In base 7, what is 64 - 1?
63
In base 12, what is 11 + -4?
9
In base 10, what is 2 - -121?
123
In base 4, what is 100211 + 10?
100221
In base 7, what is 2432 - 4?
2425
In base 16, what is -2 - 4c?
-4e
In base 10, what is -93 - -199?
106
In base 4, what is -11102 - 2?
-11110
In base 10, what is 4 - -63?
67
In base 14, what is -1 + 715?
714
In base 13, what is -4 + 10c?
108
In base 16, what is -309 - 3?
-30c
In base 3, what is 11 + 222100?
222111
In base 11, what is -37 + -a?
-46
In base 4, what is -12 - -103?
31
In base 11, what is 207 - -a?
216
In base 8, what is 15146 + -4?
15142
In base 7, what is -101 - 5?
-106
In base 5, what is -20 + -232?
-302
In base 7, what is -32 + -13?
-45
In base 6, what is -2 + 204?
202
In base 16, what is -2 - -6d?
6b
In base 5, what is 10 - -40?
100
In base 3, what is -100221 - 1002?
-102000
In base 7, what is 1 + 106?
110
In base 15, what is 19d - -3?
1a1
In base 8, what is 202 - 56?
124
In base 10, what is -2 - 17?
-19
In base 14, what is -82 + -27?
-a9
In base 16, what is -d1 - 17?
-e8
In base 9, what is -2 + 1367?
1365
In base 14, what is -11 + -14b?
-15c
In base 3, what is -11 + 100101112?
100101101
In base 2, what is -1000 - 110010?
-111010
In base 9, what is -6881 + -2?
-6883
In base 3, what is -20 - -20?
0
In base 10, what is 16 - -2?
18
In base 12, what is -3026 + -1?
-3027
In base 14, what is 0 + -95?
-95
In base 6, what is 550 - 2?
544
In base 11, what is 2 + 67?
69
In base 5, what is -10 - -14022?
14012
In base 9, what is 1 + 31?
32
In base 10, what is 12 - -316?
328
In base 14, what is 30 + -4?
2a
In base 13, what is 3507 + 5?
350c
In base 9, what is -7 + 157?
150
In base 11, what is 24253 - -2?
24255
In base 7, what is 6102 + -5?
6064
In base 13, what is 8 - -598?
5a3
In base 14, what is -5 + -16?
-1b
In base 12, what is a1 - 1?
a0
In base 15, what is -149 + 4?
-145
In base 9, what is -235 + -50?
-285
In base 14, what is -74 + 4?
-70
In base 4, what is 2232 + 10?
2302
In base 8, what is 0 - 357?
-357
In base 4, what is 13111132 - 11?
13111121
In base 3, what is -1 - 2220?
-2221
In base 9, what is 61 + -54?
6
In base 8, what is -142 - 51?
-213
In base 6, what is -500 + 0?
-500
In base 6, what is -525 - 1?
-530
In base 4, what is -2200222 + 11?
-2200211
In base 6, what is -2 - -21525?
21523
In base 16, what is 5 + 45?
4a
In base 12, what is -1 + 14a?
149
In base 6, what is -105 + -12?
-121
In base 9, what is 8 + -171?
-162
In base 10, what is 100 - -63?
163
In base 15, what is 3 - 26?
-23
In base 12, what is -7 + 1?
-6
In base 12, what